{"id":174,"date":"2018-07-23T11:25:06","date_gmt":"2018-07-23T09:25:06","guid":{"rendered":"http:\/\/localhost\/meteobruno\/?page_id=174"},"modified":"2018-07-31T15:40:29","modified_gmt":"2018-07-31T13:40:29","slug":"suivre-meteobruno","status":"publish","type":"page","link":"https:\/\/meteobruno.com\/index.php\/suivre-meteobruno\/","title":{"rendered":"Suivre M\u00e9t\u00e9obruno"},"content":{"rendered":"<div id=\"pl-174\"  class=\"panel-layout\" ><div id=\"pg-174-0\"  class=\"panel-grid panel-has-style\" ><div class=\"mob-pad-15 panel-row-style panel-row-style-for-174-0\" style=\"padding: 5px 0; \" ><div id=\"pgc-174-0-0\"  class=\"panel-grid-cell\" ><div id=\"panel-174-0-0-0\" class=\"so-panel widget widget_sow-editor panel-first-child panel-last-child\" data-index=\"0\" ><div class=\"so-widget-sow-editor so-widget-sow-editor-base\">\n<div class=\"siteorigin-widget-tinymce textwidget\">\n\t\n<div id=\"fb-root\"><\/div>\n<p><script>(function(d, s, id) {\n  var js, fjs = d.getElementsByTagName(s)[0];\n  if (d.getElementById(id)) return;\n  js = d.createElement(s); js.id = id;\n  js.src = \"\/\/connect.facebook.net\/fr_FR\/sdk.js#xfbml=1&version=v2.10\";\n  fjs.parentNode.insertBefore(js, fjs);\n}(document, 'script', 'facebook-jssdk'));<\/script><\/p>\n<h1>M\u00e9t\u00e9obruno sur les r\u00e9seaux sociaux<\/h1>\n<\/div>\n<\/div><\/div><\/div><\/div><\/div><div id=\"pg-174-1\"  class=\"panel-grid panel-has-style\" ><div class=\"mob-pad-0 panel-row-style panel-row-style-for-174-1\" style=\"padding: 5px 0; \" ><div id=\"pgc-174-1-0\"  class=\"panel-grid-cell\" ><div id=\"panel-174-1-0-0\" class=\"so-panel widget widget_sow-editor panel-first-child panel-last-child\" data-index=\"1\" ><div class=\"so-widget-sow-editor so-widget-sow-editor-base\">\n<div class=\"siteorigin-widget-tinymce textwidget\">\n\t<div style=\"margin: 8px;\" class=\"fb-page\" data-href=\"https:\/\/www.facebook.com\/meteobrunonimes\/\" data-tabs=\"timeline\" data-width=\"350\" data-height=\"540\" data-small-header=\"false\" data-adapt-container-width=\"true\" data-hide-cover=\"false\" data-show-facepile=\"true\">\n<blockquote cite=\"https:\/\/www.facebook.com\/meteobrunonimes\/\" class=\"fb-xfbml-parse-ignore\"><p><a href=\"https:\/\/www.facebook.com\/meteobrunonimes\/\">M\u00e9t\u00e9obruno N\u00eemes<\/a><\/p><\/blockquote>\n<\/div>\n<\/div>\n<\/div><\/div><\/div><div id=\"pgc-174-1-1\"  class=\"panel-grid-cell panel-grid-cell-mobile-last\" ><div id=\"panel-174-1-1-0\" class=\"so-panel widget widget_sow-editor panel-first-child panel-last-child\" data-index=\"2\" ><div class=\"panel-widget-style panel-widget-style-for-174-1-1-0\" ><div class=\"so-widget-sow-editor so-widget-sow-editor-base\">\n<div class=\"siteorigin-widget-tinymce textwidget\">\n\t<p><a style=\"margin: 8px;\" class=\"twitter-timeline\" href=\"https:\/\/twitter.com\/meteobrunonimes?ref_src=twsrc%5Etfw\" width =\"350\" height =\"540\">Tweets by meteobrunonimes<\/a> <script async src=\"https:\/\/platform.twitter.com\/widgets.js\" charset=\"utf-8\"><\/script> <\/p>\n<\/div>\n<\/div><\/div><\/div><\/div><div id=\"pgc-174-1-2\"  class=\"panel-grid-cell panel-grid-cell-empty\" ><\/div><\/div><\/div><\/div>","protected":false},"excerpt":{"rendered":"<p>M\u00e9t\u00e9obruno sur les r\u00e9seaux sociaux M\u00e9t\u00e9obruno N\u00eemes Tweets by meteobrunonimes<\/p>\n","protected":false},"author":1,"featured_media":0,"parent":0,"menu_order":0,"comment_status":"closed","ping_status":"closed","template":"page-templates\/page_front-page.php","meta":{"_mi_skip_tracking":false},"_links":{"self":[{"href":"https:\/\/meteobruno.com\/index.php\/wp-json\/wp\/v2\/pages\/174"}],"collection":[{"href":"https:\/\/meteobruno.com\/index.php\/wp-json\/wp\/v2\/pages"}],"about":[{"href":"https:\/\/meteobruno.com\/index.php\/wp-json\/wp\/v2\/types\/page"}],"author":[{"embeddable":true,"href":"https:\/\/meteobruno.com\/index.php\/wp-json\/wp\/v2\/users\/1"}],"replies":[{"embeddable":true,"href":"https:\/\/meteobruno.com\/index.php\/wp-json\/wp\/v2\/comments?post=174"}],"version-history":[{"count":7,"href":"https:\/\/meteobruno.com\/index.php\/wp-json\/wp\/v2\/pages\/174\/revisions"}],"predecessor-version":[{"id":518,"href":"https:\/\/meteobruno.com\/index.php\/wp-json\/wp\/v2\/pages\/174\/revisions\/518"}],"wp:attachment":[{"href":"https:\/\/meteobruno.com\/index.php\/wp-json\/wp\/v2\/media?parent=174"}],"curies":[{"name":"wp","href":"https:\/\/api.w.org\/{rel}","templated":true}]}}